{"id":2565,"date":"2022-09-08T16:23:57","date_gmt":"2022-09-08T16:23:57","guid":{"rendered":"https:\/\/bpo.org\/archives\/?page_id=2565"},"modified":"2025-03-07T18:08:48","modified_gmt":"2025-03-07T18:08:48","slug":"complete-classics-rep-g","status":"publish","type":"page","link":"https:\/\/bpo.org\/archives\/complete-classics-rep-g\/","title":{"rendered":"Complete Classics Repertoire: G"},"content":{"rendered":"<div class=\"wpb-content-wrapper\"><p>[vc_row][vc_column][vc_custom_heading source=&#8221;post_title&#8221; font_container=&#8221;tag:h1|text_align:left&#8221; use_theme_fonts=&#8221;yes&#8221;][vc_column_text]<\/p>\n<h5>*Press and hold Ctrl+F or select \u201cfind in page\u201d in browser to search within this page.<\/h5>\n<p>[\/vc_column_text][\/vc_column][\/vc_row][vc_row][vc_column][vc_column_text css=&#8221;&#8221;]Gabrieli &#8211; <strong><em>Canzon Quarti Decimi Toni for Brass<\/em><\/strong><\/p>\n<ul>\n<li>1963 December 6, 10<\/li>\n<\/ul>\n<p>Gabrieli &#8211; <strong><em>Two Canzoni: Canzon noni toni, Canzon septimi toni<\/em> <\/strong><\/p>\n<ul>\n<li>1971 November 21, 23<\/li>\n<\/ul>\n<p>Gabrieli &#8211; <strong><em>Canzon septimi toni No. 1<\/em><\/strong><\/p>\n<ul>\n<li>2020 December 8<\/li>\n<\/ul>\n<p>Gabrieli\/Autori &#8211; <strong><em>Sonata from &#8220;Sacrae Symphoniae&#8221;<\/em><\/strong><\/p>\n<ul>\n<li>1938 December 13<\/li>\n<\/ul>\n<p>Gallagher &#8211; <strong><em>Diversions Overture<\/em><\/strong><\/p>\n<ul>\n<li>2015 February 7, 8<\/li>\n<\/ul>\n<p>Garcia &#8211; <strong><em>Laudate pueri<\/em><\/strong><\/p>\n<ul>\n<li>1981 May 2, 5<\/li>\n<\/ul>\n<p>Gardner &#8211; <strong><em>Sanctuary of the Soul<\/em><\/strong><\/p>\n<ul>\n<li>2016 June 4, 5<\/li>\n<\/ul>\n<p>Gaubert &#8211; <strong><em>Les Chants de la Mer<\/em><\/strong><\/p>\n<ul>\n<li>2011 October 7, 9<\/li>\n<\/ul>\n<p>Gay &#8211; <strong><em>Due Sorelle: Finale<\/em><\/strong><\/p>\n<ul>\n<li>2016 January 30, 31<\/li>\n<\/ul>\n<p>Gershwin &#8211; <strong><em>An American in Paris<\/em><\/strong><\/p>\n<ul>\n<li>1947 March 4<\/li>\n<li>1976 January 25, 27<\/li>\n<li>1995 May 20, 21<\/li>\n<li>2008 November 29<\/li>\n<li>2017 February 4, 5<\/li>\n<li>2021 November 20, 21<\/li>\n<\/ul>\n<p>Gershwin &#8211; <strong><em>Catfish Row<\/em><\/strong><\/p>\n<ul>\n<li>2012 October 6, 7<\/li>\n<\/ul>\n<p>Gershwin &#8211; <strong><em>Cuban Overture<\/em><\/strong><\/p>\n<ul>\n<li>1976 January 25, 27<\/li>\n<li>1999 September 18<\/li>\n<li>2010 April 17, 18<\/li>\n<\/ul>\n<p>Gershwin &#8211; <strong><em>Piano Concerto in F major<\/em><\/strong><\/p>\n<ul>\n<li>1951 March 18, 20<\/li>\n<li>1953 March 15, 17<\/li>\n<li>1983 May 14, 17<\/li>\n<li>1985 October 11, 12<\/li>\n<li>2006 May 6, 7<\/li>\n<li>2010 November 19, 20<\/li>\n<li>2015 March 7, 8<\/li>\n<li>2018 March 10, 11<\/li>\n<li>2024 October 11, 13<\/li>\n<\/ul>\n<p>Gershwin &#8211; <strong><em>Porgy and Bess<\/em><\/strong><\/p>\n<ul>\n<li>1943 March 21 <strong><em>(Selections)<\/em><\/strong><\/li>\n<li>1943 November 16 <strong><em>(Summertime, Ma Man&#8217;s Gone Now)<\/em><\/strong><\/li>\n<li>1976 January 25, 27 <strong><em>(Summertime)<\/em><\/strong><\/li>\n<li>1977 May 22, 24<\/li>\n<li>1999 February 6, 7<\/li>\n<li>2002 April 27, 28 <strong><em>(Selections)<\/em><\/strong><\/li>\n<li>2016 May 13, 14 <strong><em>(\u201cConcert of Songs\u201d)<\/em><\/strong><\/li>\n<\/ul>\n<p>Gershwin &#8211; <strong><em>Rhapsody in Blue<\/em><\/strong><\/p>\n<ul>\n<li>1951 March 18, 20<\/li>\n<li>2008 November 29<\/li>\n<li>2017 Septenber 29, October 1<\/li>\n<\/ul>\n<p>Gershwin &#8211; <strong><em>Second Rhapsody<\/em><\/strong><\/p>\n<ul>\n<li>1976 January 25, 27<\/li>\n<li>2010 November 19, 20<\/li>\n<\/ul>\n<p>Gershwin &#8211; <strong><em>Songs<\/em><\/strong><\/p>\n<ul>\n<li>1976 January 25, 27 <strong><em>(A Foggy Day, Looking For A Boy, Summertime, But Not For Me, I Can&#8217;t Be Bothered Now, The Man I Love, Fascinating Rhythm, Bidin&#8217; My Time, Nice Work If You Can Get It, &#8216;S Wonderful, Love is Here to Stay, They All Laughed)<\/em><\/strong><\/li>\n<li>2014 September 13 <strong><em>(Fascinating Rhythm)<\/em><\/strong><\/li>\n<\/ul>\n<p>Gershwin &#8211; <strong><em>Strike Up the Band<\/em><\/strong><\/p>\n<ul>\n<li>2012 October 6, 7<\/li>\n<\/ul>\n<p>Gershwin &#8211; <strong><em>Who Cares: Suite<\/em><\/strong><\/p>\n<ul>\n<li>1976 January 25, 27<\/li>\n<\/ul>\n<p>Gershwin\/Bennett &#8211; <strong><em>Porgy and Bess: Symphonic Picture<\/em><\/strong><\/p>\n<ul>\n<li>1961 January 8, 10<\/li>\n<li>1951 December 16, 18<\/li>\n<\/ul>\n<p>Gillespie\/Legrand &#8211; <strong><em>Groovin&#8217; High<\/em><\/strong><\/p>\n<ul>\n<li>1999 September 18<\/li>\n<\/ul>\n<p>Ginastera &#8211; <strong><em>Bomarzo Suite<\/em><\/strong><\/p>\n<ul>\n<li>1973 February 4, 6<\/li>\n<\/ul>\n<p>Ginastera &#8211; <strong><em>Cello Concerto No.2, op.50<\/em><\/strong><\/p>\n<ul>\n<li>1992 February 29, March 1<\/li>\n<\/ul>\n<p>Ginastera &#8211; <strong><em>Concerto per corde<\/em><\/strong><\/p>\n<ul>\n<li>1968 March 24, 26<\/li>\n<\/ul>\n<p>Ginastera &#8211; <strong><em>Estancia<\/em><\/strong><\/p>\n<ul>\n<li>2011 April 16, 17<\/li>\n<li>2023 May 5, 6<\/li>\n<\/ul>\n<p>Ginastera &#8211; <strong><em>Harp Concerto, op.25<\/em><\/strong><\/p>\n<ul>\n<li>1991 June 6<\/li>\n<li>2004 October 30, 31<\/li>\n<\/ul>\n<p>Ginastera &#8211; <strong><em>Pampeana No.3, Op.24<\/em><\/strong><\/p>\n<ul>\n<li>2014 November 14, 15<\/li>\n<\/ul>\n<p>Ginastera &#8211; <strong><em>Variaciones Concertantes<\/em><\/strong><\/p>\n<ul>\n<li>1981 April 4, 7<\/li>\n<li>1997 October 4, 5<\/li>\n<li>2014 March 7, 8<\/li>\n<li>2025 May 30, 31<\/li>\n<\/ul>\n<p>Giorando &#8211; <strong><em>Caro Mio Ben<\/em><\/strong><\/p>\n<ul>\n<li>1944 February 1<\/li>\n<\/ul>\n<p>Giordana &#8211; <strong><em>Adndrea Chenier: Improviso<\/em> <\/strong><\/p>\n<ul>\n<li>1980 November 7<\/li>\n<\/ul>\n<p>Giorni &#8211; <strong><em>Passacaglia<\/em><\/strong><\/p>\n<ul>\n<li>1937 February 23<\/li>\n<\/ul>\n<p>Glass &#8211; <strong><em>Violin Concerto No.1<\/em><\/strong><\/p>\n<ul>\n<li>2017 October 7, 8<\/li>\n<\/ul>\n<p>Glazunov &#8211; <strong><em>La primavera<\/em><\/strong><\/p>\n<ul>\n<li>1949 November 13, 15<\/li>\n<\/ul>\n<p>Glazunov &#8211; <strong><em>Saxophone Concerto<\/em><\/strong><\/p>\n<ul>\n<li>2019 December 7, 8<\/li>\n<\/ul>\n<p>Glazunov &#8211; <strong><em>The Seasons<\/em><\/strong><\/p>\n<ul>\n<li>2008 December 12, 13<\/li>\n<li>2015 December 11, 12 <strong><em>(Winter)<\/em><\/strong><\/li>\n<li>2021 December 10,11 <strong><em>(Winter)<\/em><\/strong><\/li>\n<\/ul>\n<p>Glazunov &#8211; <strong><em>Violin Concerto in A minor, op.82<\/em><\/strong><\/p>\n<ul>\n<li>1942 January 20<\/li>\n<li>1979 February 24, 25<\/li>\n<li>2003 May 31, April 1<\/li>\n<li>2010 March 27, 28<\/li>\n<li>2025 April 25, 26<\/li>\n<\/ul>\n<p>Gliere &#8211; <strong><em>Gyulsara Overture, Op.96<\/em><\/strong><\/p>\n<ul>\n<li>2012 October 6, 7<\/li>\n<\/ul>\n<p>Gliere &#8211; <strong><em>Russian Sailor&#8217;s Dance<\/em><\/strong><\/p>\n<ul>\n<li>1935 November 7<\/li>\n<\/ul>\n<p>Gliere &#8211; <strong><em>Symphony No.3 in B minor &#8220;Il&#8217;ya Muromets&#8221; op.42<\/em><\/strong><\/p>\n<ul>\n<li>2013 May 3, 4<\/li>\n<\/ul>\n<p>Glinka &#8211; <strong><em>Ruslan and Ludmilla: Overture<\/em><\/strong><\/p>\n<ul>\n<li>1947 January 21<\/li>\n<li>1951 March 4, 6<\/li>\n<li>1985 November 16<\/li>\n<li>2015 September 16<\/li>\n<li>2022 March 4, 5<\/li>\n<li>2025 April 11, 13<\/li>\n<\/ul>\n<p>Gluck &#8211; <strong><em>Alceste: Divinities du Styx<\/em><\/strong><\/p>\n<ul>\n<li>1939 January 17<\/li>\n<li>1943 March 21<\/li>\n<\/ul>\n<p>Gluck &#8211; <strong><em>Iphigenia in Aulis: Overture<\/em><\/strong><\/p>\n<ul>\n<li>1937 January 10<\/li>\n<li>1937 November 23<\/li>\n<li>1939 January 17<\/li>\n<li>1940 January 30<\/li>\n<li>1941 March 6<\/li>\n<li>1942 March 31<\/li>\n<li>1943 March 2<\/li>\n<li>1950 February 5, 7<\/li>\n<\/ul>\n<p>Gluck &#8211; <strong><em>Iphigenie en Tauride<\/em><\/strong><\/p>\n<ul>\n<li>1953 March 29, 31<\/li>\n<\/ul>\n<p>Gluck &#8211; <strong><em>Orfeo ed Euridice<\/em><\/strong><\/p>\n<ul>\n<li>1936 December 2 <strong><em>(Che faro senza Euridice)<\/em><\/strong><\/li>\n<li>1970 May 10, 12 <strong><em>(Che faro senza Euridice)<\/em><\/strong><\/li>\n<li>1953 February 15, 17 <strong><em>(Che faro senza Euridice)<\/em><\/strong><\/li>\n<li>1970 May 10, 12 <strong><em>(Orpheus&#8217; Descent into the Underworld)<\/em><\/strong><\/li>\n<\/ul>\n<p>Goldmark &#8211; <strong><em>Violin Concerto in A minor, op.28<\/em><\/strong><\/p>\n<ul>\n<li>1958 March 2, 4<\/li>\n<li>2013 February 23, 24<\/li>\n<\/ul>\n<p>Golijov &#8211; <strong><em>Azul<\/em><\/strong><\/p>\n<ul>\n<li>2013 September 18<\/li>\n<\/ul>\n<p>Gordon &#8211; <strong><em>Flute Concerto<\/em><\/strong><\/p>\n<ul>\n<li>2013 April 5, 6<\/li>\n<\/ul>\n<p>Gorecki &#8211; <strong><em>Symphony No.3, op.36 &#8220;Symphony of Sorrowful Songs&#8221;<\/em><\/strong><\/p>\n<ul>\n<li>2000 February 18, 19<\/li>\n<\/ul>\n<p>Gottschalk &#8211; <strong><em>Symphonie romantique &#8220;La nuit des tropiques&#8221;<\/em><\/strong><\/p>\n<ul>\n<li>1984 September 15, 18<\/li>\n<li>2015 November 7, 8<\/li>\n<\/ul>\n<p>Gould &#8211; <strong><em>American Ballads, Hymnal &#8220;We Shall Overcome&#8221;<\/em><\/strong><\/p>\n<ul>\n<li>1984 November 30, December 1<\/li>\n<\/ul>\n<p>Gould &#8211; <strong><em>Burchfield Gallery<\/em><\/strong><\/p>\n<ul>\n<li>1984 November 30, December 1<\/li>\n<li>1995 October 6, 7<\/li>\n<li>2004 January 30, 31<\/li>\n<\/ul>\n<p>Gould &#8211; <strong><em>Interplay (ballet)<\/em><\/strong><\/p>\n<ul>\n<li>1954 January 3<\/li>\n<li>1954 October 29, 30<\/li>\n<\/ul>\n<p>Gould &#8211; <strong><em>Stephen Foster Gallery<\/em><\/strong><\/p>\n<ul>\n<li>2011 May 13, 14, 15<\/li>\n<\/ul>\n<p>Gould &#8211; <strong><em>Tap Dance Concerto<\/em><\/strong><\/p>\n<ul>\n<li>1984 November 30, December 1<\/li>\n<\/ul>\n<p>Gounod &#8211; <strong><em>Faust<\/em><\/strong><\/p>\n<ul>\n<li>1978 January 29, 31 <strong><em>(Le veau d&#8217;or est toujours debout &amp; Vous qui faites)<\/em><\/strong><\/li>\n<li>2002 April 13, 14 <strong><em>(Act III: Siebel&#8217;s Aria: Faites-lui mes aveux &amp; Act IV: M\u00e9phistoph\u00e9l\u00e8&#8217;s S\u00e9r\u00e9nade: Vous qui faites l&#8217;endormie)<\/em><\/strong><\/li>\n<\/ul>\n<p>Grainger &#8211; <strong><em>Colonial Song of Australia<\/em><\/strong><\/p>\n<ul>\n<li>1943 November 30<\/li>\n<\/ul>\n<p>Grainger &#8211; <strong><em>Irish Tune from County Derry<\/em><\/strong><\/p>\n<ul>\n<li>1942 March 17<\/li>\n<\/ul>\n<p>Grainger &#8211; <strong><em>Shepherd&#8217;s Hey<\/em><\/strong><\/p>\n<ul>\n<li>1943 November 30<\/li>\n<\/ul>\n<p>Granados &#8211; <strong><em>Intermezzo from Goyescas<\/em><\/strong><\/p>\n<ul>\n<li>2003 January 3, 4<\/li>\n<li>2016 September 17<\/li>\n<\/ul>\n<p>Gr\u00e9try\/Mottl &#8211; <strong><em>C\u00e9phale et Procris: Ballet Suite<\/em><\/strong><\/p>\n<ul>\n<li>1940 February 27<\/li>\n<\/ul>\n<p>Grieg &#8211; <strong><em>Holberg Suite<\/em><\/strong><\/p>\n<ul>\n<li>1936 November 15<\/li>\n<li>2020 October 13<\/li>\n<\/ul>\n<p>Grieg &#8211; <strong><em>Peer Gynt (excerpts)<\/em><\/strong><\/p>\n<ul>\n<li>1999 May 8, 9<\/li>\n<\/ul>\n<p>Grieg &#8211; <strong><em>Piano Concerto in A minor, op.16<\/em><\/strong><\/p>\n<ul>\n<li>1943 November 30<\/li>\n<li>1980 March 9, 11<\/li>\n<li>1994 April 1, 2<\/li>\n<li>2001 January 12, 13<\/li>\n<li>2005 October 1, 2<\/li>\n<li>2008 November 1, 2<\/li>\n<li>2011 April 30, May 1<\/li>\n<li>2015 October 3, 4<\/li>\n<li>2019 November 2, 3<\/li>\n<li>2021 November 5, 6<\/li>\n<\/ul>\n<p>Griffes &#8211; <strong><em>Bacchanale<\/em><\/strong><\/p>\n<ul>\n<li>2001 December 1, 2<\/li>\n<\/ul>\n<p>Griffes &#8211; <strong><em>Four Roman Sketches: Clouds<\/em><\/strong><\/p>\n<ul>\n<li>1976 April 4, 6<\/li>\n<\/ul>\n<p>Griffes &#8211; <strong><em>Poem for Flute and Orchestra<\/em><\/strong><\/p>\n<ul>\n<li>2002 January 18, 19<\/li>\n<\/ul>\n<p>Griffes &#8211; <strong><em>The Pleasure Dome of Kubla Khan, op.8<\/em><\/strong><\/p>\n<ul>\n<li>1941 March 6<\/li>\n<li>1997 November 15, 16<\/li>\n<li>2002 January 18, 19<\/li>\n<li>2005 November 19, 20<\/li>\n<li>2014 March 29, 30<\/li>\n<\/ul>\n<p>Griffes &#8211; <strong><em>The White Peacock<\/em><\/strong><\/p>\n<ul>\n<li>1948 February 17<\/li>\n<li>2001 October 27, 28<\/li>\n<\/ul>\n<p>Griffes &#8211; <strong><em>Three Poems of Fiona McLeod<\/em><\/strong><\/p>\n<ul>\n<li>2002 January 18, 19<\/li>\n<\/ul>\n<p>Griffes &#8211; <strong><em>Three Tone Pictures<\/em><\/strong><\/p>\n<ul>\n<li>2002 January 18, 19<\/li>\n<\/ul>\n<p>Griffes &#8211; <strong><em>Two Sketches on Indian Themes<\/em><\/strong><\/p>\n<ul>\n<li>1936 November 22<\/li>\n<\/ul>\n<p>Grofe &#8211; <strong><em>Grand Canyon Suite<\/em><\/strong><\/p>\n<ul>\n<li>2017 September 29, October 1<\/li>\n<li>2025 January 25, 26<\/li>\n<\/ul>\n<p>Grusin\/Ritenour &#8211; <strong><em>Shenandoah<\/em><\/strong><\/p>\n<ul>\n<li>2006 February 18<\/li>\n<\/ul>\n<p>Grusin\/Ritenour &#8211; <strong><em>The Water is Wide<\/em><\/strong><\/p>\n<ul>\n<li>2006 February 18<\/li>\n<\/ul>\n<p>[\/vc_column_text][\/vc_column][\/vc_row]<\/p>\n<\/div>","protected":false},"excerpt":{"rendered":"<p>[vc_row][vc_column][vc_custom_heading source=&#8221;post_title&#8221; font_container=&#8221;tag:h1|text_align:left&#8221; use_theme_fonts=&#8221;yes&#8221;][vc_column_text] *Press and hold Ctrl+F or select \u201cfind in page\u201d in browser to search within this page.<a class=\"excerpt-read-more\" href=\"https:\/\/bpo.org\/archives\/complete-classics-rep-g\/\" title=\"ReadComplete Classics Repertoire: G\">&#8230; Read more &raquo;<\/a><\/p>\n","protected":false},"author":169,"featured_media":0,"parent":0,"menu_order":0,"comment_status":"closed","ping_status":"closed","template":"","meta":{"_acf_changed":false,"footnotes":""},"class_list":["post-2565","page","type-page","status-publish","hentry"],"acf":[],"_links":{"self":[{"href":"https:\/\/bpo.org\/archives\/wp-json\/wp\/v2\/pages\/2565","targetHints":{"allow":["GET"]}}],"collection":[{"href":"https:\/\/bpo.org\/archives\/wp-json\/wp\/v2\/pages"}],"about":[{"href":"https:\/\/bpo.org\/archives\/wp-json\/wp\/v2\/types\/page"}],"author":[{"embeddable":true,"href":"https:\/\/bpo.org\/archives\/wp-json\/wp\/v2\/users\/169"}],"replies":[{"embeddable":true,"href":"https:\/\/bpo.org\/archives\/wp-json\/wp\/v2\/comments?post=2565"}],"version-history":[{"count":6,"href":"https:\/\/bpo.org\/archives\/wp-json\/wp\/v2\/pages\/2565\/revisions"}],"predecessor-version":[{"id":3855,"href":"https:\/\/bpo.org\/archives\/wp-json\/wp\/v2\/pages\/2565\/revisions\/3855"}],"wp:attachment":[{"href":"https:\/\/bpo.org\/archives\/wp-json\/wp\/v2\/media?parent=2565"}],"curies":[{"name":"wp","href":"https:\/\/api.w.org\/{rel}","templated":true}]}}