{"id":2859,"date":"2022-09-21T18:15:43","date_gmt":"2022-09-21T18:15:43","guid":{"rendered":"https:\/\/bpo.org\/archives\/?page_id=2859"},"modified":"2022-11-14T19:33:12","modified_gmt":"2022-11-14T19:33:12","slug":"complete-classics-rep-n","status":"publish","type":"page","link":"https:\/\/bpo.org\/archives\/complete-classics-rep-n\/","title":{"rendered":"Complete Classics Repertoire: N"},"content":{"rendered":"<div class=\"wpb-content-wrapper\"><p>[vc_row][vc_column][vc_custom_heading source=&#8221;post_title&#8221; font_container=&#8221;tag:h1|text_align:left&#8221; use_theme_fonts=&#8221;yes&#8221;][vc_column_text]<\/p>\n<h5>*Press and hold Ctrl+F or select \u201cfind in page\u201d in browser to search within this page.<\/h5>\n<p>[\/vc_column_text][\/vc_column][\/vc_row][vc_row][vc_column][vc_column_text]Nabokov &#8211; <strong><em>The Return of Pushkin<\/em><\/strong><\/p>\n<ul>\n<li>1970 January 18<\/li>\n<\/ul>\n<p>N\u00e9gron &#8211;\u00a0<em><strong>&#8220;Me he perdido&#8221; (I&#8217;ve Gotten Lost)<\/strong><\/em><\/p>\n<ul>\n<li>2023 April 15, 16<\/li>\n<\/ul>\n<p>Neikrug &#8211; <strong><em>Violin Concerto<\/em><\/strong><\/p>\n<ul>\n<li>1986 February 1, 2<\/li>\n<\/ul>\n<p>Nicolai &#8211; <strong><em>The Merry Wives of Windsor: Overture<\/em><\/strong><\/p>\n<ul>\n<li>1984 February 18, 21<\/li>\n<li>2001 May 5, 6<\/li>\n<\/ul>\n<p>Nielsen &#8211; <strong><em>Aladdin Suite<\/em><\/strong><\/p>\n<ul>\n<li>2004 April 17, 18<\/li>\n<\/ul>\n<p>Nielsen &#8211; <strong><em>Flute Concerto<\/em><\/strong><\/p>\n<ul>\n<li>1997 November 22, 23<\/li>\n<\/ul>\n<p>Nielsen &#8211; <strong><em>Helios Overture<\/em><\/strong><\/p>\n<ul>\n<li>2009 April 4, 5<\/li>\n<\/ul>\n<p>Nielsen &#8211; <strong><em>Maskarade Overture<\/em><\/strong><\/p>\n<ul>\n<li>2007 May 12, 13<\/li>\n<\/ul>\n<p>Nielsen &#8211; <strong><em>Symphony No.2, op.16 &#8220;Four Temperaments&#8221;<\/em><\/strong><\/p>\n<ul>\n<li>1984 April 13<\/li>\n<\/ul>\n<p>Nielsen &#8211; <strong><em>Symphony No.3, op.27 &#8220;Sinfonia Espansiva&#8221;<\/em><\/strong><\/p>\n<ul>\n<li>1980 October 18, 21<\/li>\n<\/ul>\n<p>Nielsen &#8211; <strong><em>Symphony No.4, op.29 &#8220;The Inextinguishable&#8221;<\/em><\/strong><\/p>\n<ul>\n<li>1988 January 16, 17<\/li>\n<li>1996 April 26, 27<\/li>\n<li>2001 October 13, 14<\/li>\n<li>2011 October 7, 9<\/li>\n<\/ul>\n<p>Nielsen &#8211; <strong><em>Symphony No.5, op.50<\/em><\/strong><\/p>\n<ul>\n<li>1969 March 23, 25<\/li>\n<li>1973 November 11, 13<\/li>\n<\/ul>\n<p>Nielsen &#8211; <strong><em>Violin Concerto, op.33<\/em><\/strong><\/p>\n<ul>\n<li>1995 March 10, 11<\/li>\n<li>2015 November 20, 21<\/li>\n<\/ul>\n<p>Nono &#8211; <strong><em>Epitaph for Federico Garcia Lorca<\/em><\/strong><\/p>\n<ul>\n<li>1968 February 11, 13<\/li>\n<\/ul>\n<p>Nono &#8211; <strong><em>Liebeslied<\/em><\/strong><\/p>\n<ul>\n<li>1965 November 21, 23<\/li>\n<\/ul>\n<p>North &#8211; <strong><em>Streetcar Named Desire (Ballet)<\/em><\/strong><\/p>\n<ul>\n<li>1954 October 29, 30<\/li>\n<\/ul>\n<p>Nov\u00e1k &#8211; <strong><em>In the Tatra Mountains<\/em><\/strong><\/p>\n<ul>\n<li>2016 June 4, 5<\/li>\n<\/ul>\n<p>Nov\u00e1k &#8211; <strong><em>Lady Godiva Overture<\/em><\/strong><\/p>\n<ul>\n<li>2016 March 4, 5<\/li>\n<\/ul>\n<p>Nov\u00e1k &#8211; <strong><em>O v\u011b\u010dn\u00e9 touze (Eternal Longing), op.33<\/em><\/strong><\/p>\n<ul>\n<li>2016 March 4, 5<\/li>\n<\/ul>\n<p>Nowowiejski &#8211; <strong><em>Quo Vadis: &#8220;Praetorian March&#8221;<\/em><\/strong><\/p>\n<ul>\n<li>2018 October 27, 28<\/li>\n<\/ul>\n<p>[\/vc_column_text][\/vc_column][\/vc_row]<\/p>\n<\/div>","protected":false},"excerpt":{"rendered":"<p>[vc_row][vc_column][vc_custom_heading source=&#8221;post_title&#8221; font_container=&#8221;tag:h1|text_align:left&#8221; use_theme_fonts=&#8221;yes&#8221;][vc_column_text] *Press and hold Ctrl+F or select \u201cfind in page\u201d in browser to search within this page.<a class=\"excerpt-read-more\" href=\"https:\/\/bpo.org\/archives\/complete-classics-rep-n\/\" title=\"ReadComplete Classics Repertoire: N\">&#8230; Read more &raquo;<\/a><\/p>\n","protected":false},"author":169,"featured_media":0,"parent":0,"menu_order":0,"comment_status":"closed","ping_status":"closed","template":"","meta":{"_acf_changed":false,"footnotes":""},"class_list":["post-2859","page","type-page","status-publish","hentry"],"acf":[],"_links":{"self":[{"href":"https:\/\/bpo.org\/archives\/wp-json\/wp\/v2\/pages\/2859","targetHints":{"allow":["GET"]}}],"collection":[{"href":"https:\/\/bpo.org\/archives\/wp-json\/wp\/v2\/pages"}],"about":[{"href":"https:\/\/bpo.org\/archives\/wp-json\/wp\/v2\/types\/page"}],"author":[{"embeddable":true,"href":"https:\/\/bpo.org\/archives\/wp-json\/wp\/v2\/users\/169"}],"replies":[{"embeddable":true,"href":"https:\/\/bpo.org\/archives\/wp-json\/wp\/v2\/comments?post=2859"}],"version-history":[{"count":3,"href":"https:\/\/bpo.org\/archives\/wp-json\/wp\/v2\/pages\/2859\/revisions"}],"predecessor-version":[{"id":3589,"href":"https:\/\/bpo.org\/archives\/wp-json\/wp\/v2\/pages\/2859\/revisions\/3589"}],"wp:attachment":[{"href":"https:\/\/bpo.org\/archives\/wp-json\/wp\/v2\/media?parent=2859"}],"curies":[{"name":"wp","href":"https:\/\/api.w.org\/{rel}","templated":true}]}}