{"id":595,"date":"2021-07-30T20:18:29","date_gmt":"2021-07-30T20:18:29","guid":{"rendered":"https:\/\/bpo.org\/archives\/classics-repertoire-1972-1973-copy\/"},"modified":"2022-10-19T15:48:34","modified_gmt":"2022-10-19T15:48:34","slug":"classics-repertoire-1973-1974","status":"publish","type":"page","link":"https:\/\/bpo.org\/archives\/classics-repertoire-1973-1974\/","title":{"rendered":"BPO Classics Repertoire 1973-1974"},"content":{"rendered":"<div class=\"wpb-content-wrapper\"><p>[vc_section][vc_row][vc_column][vc_custom_heading source=&#8221;post_title&#8221; font_container=&#8221;tag:h1|text_align:left&#8221; use_theme_fonts=&#8221;yes&#8221;][\/vc_column][\/vc_row][vc_row][vc_column][vc_column_text]<strong>20, 21 October 1973<\/strong><br \/>\nStrauss, R. &#8211; Also Sprach Zarathustra<br \/>\nBeethoven &#8211; Consecration of the House Overture op.124<br \/>\nSaint-Sa\u00ebns &#8211; Septet for Piano, Strings and Trumpet<br \/>\nRavel &#8211; La Valse<br \/>\nMichael Tilson Thomas, conductor<\/p>\n<hr \/>\n<p><strong>28, 30 October 1973<\/strong><br \/>\nBach &#8211; Concerto in A minor for Four Pianos<br \/>\nFoss &#8211; Orpheus for Viola and Orchestra<br \/>\nFarina &#8211; Capriccio Stravagante<br \/>\nStravinsky &#8211; Symphony in Three Movements<br \/>\nMichael Tilson Thomas, pianist, conductor<br \/>\nYvar Mikhashoff, pianist<br \/>\nFrieda Manes, pianist<br \/>\nStephen Manes, pianist<br \/>\nJesse Levine, violist<\/p>\n<hr \/>\n<p><strong>11, 13 November 1973<\/strong><br \/>\nVivaldi &#8211; The Four Seasons: Winter<br \/>\nPaganini &#8211; Violin Concerto No.3 in E major<br \/>\nNielsen &#8211; Symphony No.5, op.50<br \/>\nMichael Tilson Thomas, conductor<br \/>\nHenryk Szeryng, violinist<\/p>\n<hr \/>\n<p><strong>18, 20 November 1973<\/strong><br \/>\nTchaikovsky &#8211; Suite No.3 in G major, op.55<br \/>\nTchaikovsky &#8211; Piano Concerto No.1 in B-flat minor, op.23<br \/>\nMichael Tilson Thomas, conductor<br \/>\nAndr\u00e9 Watts, pianist<\/p>\n<hr \/>\n<p><strong>1, 2 December 1973<\/strong><br \/>\nFaur\u00e9 &#8211; Pelleas and Melisande: Prelude, op.80<br \/>\nMozart &#8211; Symphony No.4 in D major, K.19<br \/>\nElgar &#8211; Cello Concerto in E minor, op.85<br \/>\nDvorak &#8211; Symphony No.1 in C minor, op.3 &#8220;Bells of Zlonice&#8221;<br \/>\nJames de Priest, guest conductor<br \/>\nKo Iwasaki, cellist<\/p>\n<hr \/>\n<p><strong>19, 20 January 1974<\/strong><br \/>\nHaydn &#8211; Symphony No.88 in G major<br \/>\nWieniawski &#8211; Violin Concerto No.2 in D minor, op.22<br \/>\nBerlioz &#8211; Symphonie fantastique, op.14<br \/>\nEdo de Waart, guest conductor<br \/>\nErick Friedman, violinist<\/p>\n<hr \/>\n<p><strong>10, 12 February 1974<\/strong><br \/>\nPurcell &#8211; Chacony in G minor &#8220;London&#8221;<br \/>\nPurcell &#8211; The Gordian Knot Untied: Suite<br \/>\nRavel &#8211; Deux m\u00e9lodies h\u00e9bra\u00efques: Kaddisch, L&#8217;Enigme \u00e9ternelle<br \/>\nRavel &#8211; Sheherazade<br \/>\nIves &#8211; Symphony No.2<br \/>\nMichael Tilson Thomas, conductor<br \/>\nRobert Cole, conductor<br \/>\nFrederica von Stade, soprano<\/p>\n<hr \/>\n<p><strong>16, 17 February 1974<\/strong><br \/>\nBach &#8211; Brandenburg Concerto No.3 in G major<br \/>\nSchumann &#8211; Cello Concerto in A minor, op.129<br \/>\nBrahms &#8211; Symphony No.4 in E minor, op.98<br \/>\nMichael Tilson Thomas, conductor<br \/>\nLaurence Lesser, cellist<\/p>\n<hr \/>\n<p><strong>10, 12 March 1974<\/strong><br \/>\nStrauss, R. &#8211; Le bourgeois gentilhomme Suite<br \/>\nShostakovich &#8211; Symphony No.13, op.113<br \/>\nMelvin Strauss, guest conductor<br \/>\nSimon Estes, bass<br \/>\nCornell University Glee Club,<br \/>\nThomas Sokol, director<\/p>\n<hr \/>\n<p><strong>23, 24 March 1974<\/strong><br \/>\nWalton &#8211; Portsmouth Point Overture<br \/>\nMilhaud &#8211; Serenade for Orchestra<br \/>\nHonegger &#8211; Pacific 231<br \/>\nCopland &#8211; Piano Concerto<br \/>\nRavel &#8211; Le tombeau de Couperin<br \/>\nCopland &#8211; Symphonic Ode<br \/>\nAaron Copland, guest conductor<br \/>\nCraig Sheppard, pianist<\/p>\n<hr \/>\n<p><strong>30, 31 March 1974<\/strong><br \/>\nBlacher &#8211; Variations on a Theme by Paganini<br \/>\nLalo &#8211; Symphonie espagnole, op.21<br \/>\nProkofiev &#8211; Symphony No.7 in C-sharp minor, op.131<br \/>\nMaurice Abravanel, guest conductor<br \/>\nRuggiero Ricci, violinist<\/p>\n<hr \/>\n<p><strong>21, 23 April 1974<\/strong><br \/>\nBedford &#8211; With 100 Kazoos for Ensemble and Audience<br \/>\nBach &#8211; Suite No.1 in C major<br \/>\nBerio &#8211; Recital In (for Cathy)<br \/>\nMichael Tilson Thomas, conductor<br \/>\nCathy Berberian, soprano<br \/>\n\u015eahan Arzruni, pianist<br \/>\nWendy Hilton Dance Company<\/p>\n<hr \/>\n<p><strong>28, 30 April 1974<\/strong><br \/>\nBeethoven &#8211; Symphony No.6 in F major, op.68 &#8220;Pastorale&#8221;<br \/>\nBrahms &#8211; Piano Concerto No.2 in B-flat major, op.83<br \/>\nMichael Tilson Thomas, conductor<br \/>\nMalcolm Frager, pianist<\/p>\n<hr \/>\n<p><strong>11, 12 May 1974<\/strong><br \/>\nMahler &#8211; Symphony No.3 in D minor<br \/>\nMichael Tilson Thomas, conductor<br \/>\nMaureen Forrester, contralto<br \/>\nBuffalo Schola Cantorum Women&#8217;s Chorus,<br \/>\nSt. Paul&#8217;s Cathedral Boys&#8217; Choir,<br \/>\nFrederick Burgomaster, director[\/vc_column_text][\/vc_column][\/vc_row][\/vc_section]<\/p>\n<\/div>","protected":false},"excerpt":{"rendered":"<p>[vc_section][vc_row][vc_column][vc_custom_heading source=&#8221;post_title&#8221; font_container=&#8221;tag:h1|text_align:left&#8221; use_theme_fonts=&#8221;yes&#8221;][\/vc_column][\/vc_row][vc_row][vc_column][vc_column_text]20, 21 October 1973 Strauss, R. &#8211; Also Sprach Zarathustra Beethoven &#8211; Consecration of the House Overture<a class=\"excerpt-read-more\" href=\"https:\/\/bpo.org\/archives\/classics-repertoire-1973-1974\/\" title=\"ReadBPO Classics Repertoire 1973-1974\">&#8230; Read more &raquo;<\/a><\/p>\n","protected":false},"author":169,"featured_media":0,"parent":0,"menu_order":0,"comment_status":"closed","ping_status":"closed","template":"","meta":{"_acf_changed":false,"footnotes":""},"class_list":["post-595","page","type-page","status-publish","hentry"],"acf":[],"_links":{"self":[{"href":"https:\/\/bpo.org\/archives\/wp-json\/wp\/v2\/pages\/595","targetHints":{"allow":["GET"]}}],"collection":[{"href":"https:\/\/bpo.org\/archives\/wp-json\/wp\/v2\/pages"}],"about":[{"href":"https:\/\/bpo.org\/archives\/wp-json\/wp\/v2\/types\/page"}],"author":[{"embeddable":true,"href":"https:\/\/bpo.org\/archives\/wp-json\/wp\/v2\/users\/169"}],"replies":[{"embeddable":true,"href":"https:\/\/bpo.org\/archives\/wp-json\/wp\/v2\/comments?post=595"}],"version-history":[{"count":7,"href":"https:\/\/bpo.org\/archives\/wp-json\/wp\/v2\/pages\/595\/revisions"}],"predecessor-version":[{"id":3464,"href":"https:\/\/bpo.org\/archives\/wp-json\/wp\/v2\/pages\/595\/revisions\/3464"}],"wp:attachment":[{"href":"https:\/\/bpo.org\/archives\/wp-json\/wp\/v2\/media?parent=595"}],"curies":[{"name":"wp","href":"https:\/\/api.w.org\/{rel}","templated":true}]}}