{"id":731,"date":"2021-08-05T14:32:38","date_gmt":"2021-08-05T14:32:38","guid":{"rendered":"https:\/\/bpo.org\/archives\/classics-repertoire-2016-2017-copy\/"},"modified":"2024-06-27T19:30:47","modified_gmt":"2024-06-27T19:30:47","slug":"classics-repertoire-2017-2018","status":"publish","type":"page","link":"https:\/\/bpo.org\/archives\/classics-repertoire-2017-2018\/","title":{"rendered":"BPO Classics Repertoire 2017-2018"},"content":{"rendered":"<div class=\"wpb-content-wrapper\"><p>[vc_section][vc_row][vc_column][vc_custom_heading source=&#8221;post_title&#8221; font_container=&#8221;tag:h1|text_align:left&#8221; use_theme_fonts=&#8221;yes&#8221;][\/vc_column][\/vc_row][vc_row][vc_column][vc_column_text css=&#8221;&#8221;]<strong>16 September 2017<\/strong><br \/>\nBrahms &#8211; Hungarian Dance No.1<br \/>\nSchmidt &#8211; Notre Dame: Intermezzo<br \/>\nWeiner &#8211; Hungarian Folk Dance Suite<br \/>\nTchaikovsky &#8211; Violin Concerto No.1 in D major, op.<br \/>\nJoAnn Falletta, conductor<br \/>\nAnne-Sophie Mutter, violin<\/p>\n<hr \/>\n<p><strong>29 September, 1 October, 2017<\/strong><br \/>\nAdams &#8211; Short Ride in a Fast Machine<br \/>\nEllington\/Peress &#8211; New World A-Comin&#8217;<br \/>\nGershwin &#8211; Rhapsody in Blue<br \/>\nGrof\u201a &#8211; Grand Canyon Suite<br \/>\nJoAnn Falletta, conductor<br \/>\nCharlie Albright, piano<\/p>\n<hr \/>\n<p><strong>7, 8 October 2017<\/strong><br \/>\nBernstein &#8211; On the Town: Three Dance Episodes<br \/>\nGlass &#8211; Violin Concerto No.1<br \/>\nCopland &#8211; Symphony No.3<br \/>\nJoAnn Falletta, conductor<br \/>\nDennis Kim, violin<\/p>\n<hr \/>\n<p><strong>21, 22 October 2017<\/strong><br \/>\nBorodin &#8211; Prince Igor: Polovtzian Dances<br \/>\nEllisor\/Wooten &#8211; The Bass Whisperer, Concerto for Electric Bass<br \/>\nProkofiev &#8211; Alexander Nevsky, op.78<br \/>\nStefan Sanders, conductor<br \/>\nVictor Wooten, electric bass<\/p>\n<hr \/>\n<p><strong>4, 5 November 2017<\/strong><br \/>\nStrauss &#8211; Til Eulenspiegel&#8217;s Merry Pranks, op.28<br \/>\nChopin &#8211; Concerto No.2 in F minor op.21<br \/>\nBrahms &#8211; Symphony No.1 in C minor, op.68<br \/>\nJoAnn Falletta, conductor<br \/>\nKonrad Skolarski, piano<\/p>\n<hr \/>\n<p><strong>17, 18 November 2017<\/strong><br \/>\nBerlioz &#8211; Le Corsaire Overture, op.21<br \/>\nLalo &#8211; Cello Concerto in D Minor<br \/>\nLiadov &#8211; The Enchanted Lake, op.62<br \/>\nDebussy &#8211; La mer<br \/>\nMaximiano Vald\u00e9s, conductor<br \/>\nJulian Schwarz, cello<\/p>\n<hr \/>\n<p><strong>2, 3 December 2017<\/strong><br \/>\nRavel &#8211; Le Tombeau de Couperin<br \/>\nMendelssohn &#8211; Violin Concerto in E minor, op.64<br \/>\nMozart &#8211; Symphony No.41 in C major, K.551, &#8220;Jupiter&#8221;<br \/>\nAndr\u00e9 Raphel, conductor<br \/>\nArnaud Sussmann, violin<\/p>\n<hr \/>\n<p><strong>8, 9 December 2017<\/strong><br \/>\nRimsky-Korsakov &#8211; Snow Maiden &#8220;Dance of the Tumblers&#8221;<br \/>\nTchaikovsky &#8211; Nutcracker, Op. 71 selections<br \/>\nBizet &#8211; L&#8217;Arlesienne: &#8220;Farandole&#8221;<br \/>\nSchubert &#8211; Ave Maria<br \/>\nAdam\/Rutter &#8211; O Holy Night<br \/>\nRutter &#8211; Candlelight Carol<br \/>\nBach &#8211; Weihnachtsoratorium, BWV 248: Jachzet Frohlocket<br \/>\nBass &#8211; Fanfare: Joy to the World<br \/>\nVivaldi &#8211; Concerto in G minor for Two Cellos and Orchestra, R. 531<br \/>\nCorelli &#8211; Concerto Grosso, Op.6, No. 8, &#8220;Christmas Concerto&#8221;<br \/>\nMenotti &#8211; Amahl and the Night Visitors Selections<br \/>\nPietro &#8211; Gesu Bambino<br \/>\nRutter &#8211; Mary&#8217;s Lullaby<br \/>\nHandel &#8211; Messiah: Hallelujah Chorus<br \/>\nAnderson &#8211; A Christmas Festival<br \/>\nJoAnn Falletta, conductor<br \/>\nAundi Marie Moore, soprano<br \/>\nBuffalo Philharmonic Chorus<br \/>\nRoman Mekinulov, cello<br \/>\nBenjamin Mekinulov, cello<\/p>\n<hr \/>\n<p><strong>12, 13 January 2018<\/strong><br \/>\nFaure &#8211; Pelleas and Melisande: Suite<br \/>\nSaint-Saens &#8211; Cello Concerto No.1 in A minor, op.33<br \/>\nDebussy &#8211; Images: Iberia<br \/>\nRavel &#8211; Bolero<br \/>\nJoAnn Falletta, conductor<br \/>\nRoman Mekinulov, cello<\/p>\n<hr \/>\n<p><strong>27, 28 January 2018<\/strong><br \/>\nMozart &#8211; The Marriage of Figaro: selections<br \/>\nMozart &#8211; Don Giovanni: selections<br \/>\nMozart &#8211; Cosi fan tutte: selections<br \/>\nAndrew Bisantz, conductor<br \/>\nRebecca Farley, soprano<br \/>\nKara Dugan, mezzo-soprano<br \/>\nDavid Margulis, tenor<br \/>\nJonathan Bryan, baritone<br \/>\nLeo Radosavljevic, bass-baritone<\/p>\n<hr \/>\n<p><strong>10, 11 February 2018<\/strong><br \/>\nWang &#8211; Symphony No.1 &#8220;Awakening&#8221;<br \/>\nSibelius &#8211; Violin Concerto in D minor, op.47<br \/>\nRimsky-Korsakov &#8211; Scheherazade, op.35<br \/>\nJoAnn Falletta, conductor<br \/>\nElina V\u00e4h\u00e4l\u00e4, violin<\/p>\n<hr \/>\n<p><strong>23, 24 February 2018<\/strong><br \/>\nBrahms &#8211; Variations on a Theme by Haydn, op.56a<br \/>\nSchumann &#8211; Piano Concerto in A minor, op.54<br \/>\nBeethoven &#8211; Symphony No.4 in B-flat major, op.60<br \/>\nRebecca Miller, conductor<br \/>\nFei-Fei Dong, piano<\/p>\n<hr \/>\n<p><strong>10, 11 March 2018<\/strong><br \/>\nBarber &#8211; Symphony No.1, op.9<br \/>\nGershwin &#8211; Piano Concerto in F major<br \/>\nPenderecki &#8211; Paradise Lost: Adagietto<br \/>\nBernstein &#8211; Symphonic Dances from West Side Story<br \/>\nJoAnn Falletta, conductor<br \/>\nConrad Tao, piano<\/p>\n<hr \/>\n<p><strong>6, 7 April 2018<\/strong><br \/>\nSmetana &#8211; Three Dances from The Bartered Bride<br \/>\nDvorak &#8211; Violin Concerto in A minor, op.53<br \/>\nSchubert &#8211; Symphony No.4 in C minor, D.417, &#8220;Tragic&#8221;<br \/>\nWard Stare, conductor<br \/>\nTessa Lark, violin<\/p>\n<hr \/>\n<p><strong>21, 22 April 2018<\/strong><br \/>\nDvorak &#8211; Symphony No.9 in E minor, op.95<br \/>\nBoyer &#8211; Ellis Island &#8211; The Dream of America<br \/>\nLawrence Loh, conductor<\/p>\n<hr \/>\n<p><strong>4, 5 May 2018<\/strong><br \/>\nVerdi &#8211; Overture to La forza del destino<br \/>\nBerlioz &#8211; Harold in Italy, op.16<br \/>\nMartucci &#8211; Notturno in G-Flat Major, op.70, No.1<br \/>\nRespighi &#8211; Roman festivals<br \/>\nJoAnn Falletta, conductor<br \/>\nRoberto Diaz, viola<\/p>\n<hr \/>\n<p><strong>12, 13 May 2018<\/strong><br \/>\nKuusisto &#8211; Trumpet Concerto<br \/>\nOrff &#8211; Carmina burana<br \/>\nJoAnn Falletta, conductor<br \/>\nAlex Jokipii, trumpet<br \/>\nBuffalo Philharmonic Chorus<\/p>\n<hr \/>\n<p><strong>2, 3 June 2018<\/strong><br \/>\nPizzetti &#8211; 3 Symphonic Preludes from Sophocles&#8217; Oedipus Rex<br \/>\nRachmaninoff &#8211; Rhapsody on a Theme of Paganini, op.43<br \/>\nRespighi &#8211; The Fountains of Rome<br \/>\nRespighi &#8211; The Pines of Rome<br \/>\nJoAnn Falletta, conductor<br \/>\nBenedetto Lupo, piano[\/vc_column_text][\/vc_column][\/vc_row][\/vc_section]<\/p>\n<\/div>","protected":false},"excerpt":{"rendered":"<p>[vc_section][vc_row][vc_column][vc_custom_heading source=&#8221;post_title&#8221; font_container=&#8221;tag:h1|text_align:left&#8221; use_theme_fonts=&#8221;yes&#8221;][\/vc_column][\/vc_row][vc_row][vc_column][vc_column_text css=&#8221;&#8221;]16 September 2017 Brahms &#8211; Hungarian Dance No.1 Schmidt &#8211; Notre Dame: Intermezzo Weiner &#8211; Hungarian<a class=\"excerpt-read-more\" href=\"https:\/\/bpo.org\/archives\/classics-repertoire-2017-2018\/\" title=\"ReadBPO Classics Repertoire 2017-2018\">&#8230; Read more &raquo;<\/a><\/p>\n","protected":false},"author":169,"featured_media":0,"parent":0,"menu_order":0,"comment_status":"closed","ping_status":"closed","template":"","meta":{"_acf_changed":false,"footnotes":""},"class_list":["post-731","page","type-page","status-publish","hentry"],"acf":[],"_links":{"self":[{"href":"https:\/\/bpo.org\/archives\/wp-json\/wp\/v2\/pages\/731","targetHints":{"allow":["GET"]}}],"collection":[{"href":"https:\/\/bpo.org\/archives\/wp-json\/wp\/v2\/pages"}],"about":[{"href":"https:\/\/bpo.org\/archives\/wp-json\/wp\/v2\/types\/page"}],"author":[{"embeddable":true,"href":"https:\/\/bpo.org\/archives\/wp-json\/wp\/v2\/users\/169"}],"replies":[{"embeddable":true,"href":"https:\/\/bpo.org\/archives\/wp-json\/wp\/v2\/comments?post=731"}],"version-history":[{"count":3,"href":"https:\/\/bpo.org\/archives\/wp-json\/wp\/v2\/pages\/731\/revisions"}],"predecessor-version":[{"id":3775,"href":"https:\/\/bpo.org\/archives\/wp-json\/wp\/v2\/pages\/731\/revisions\/3775"}],"wp:attachment":[{"href":"https:\/\/bpo.org\/archives\/wp-json\/wp\/v2\/media?parent=731"}],"curies":[{"name":"wp","href":"https:\/\/api.w.org\/{rel}","templated":true}]}}